{"id":334,"date":"2021-05-03T15:57:13","date_gmt":"2021-05-03T13:57:13","guid":{"rendered":"https:\/\/reiseprofi.info\/wp\/?page_id=334"},"modified":"2021-06-08T09:20:41","modified_gmt":"2021-06-08T07:20:41","slug":"impressum","status":"publish","type":"page","link":"https:\/\/reiseprofi.info\/wp\/?page_id=334","title":{"rendered":"Impressum"},"content":{"rendered":"\n<div class=\"wp-block-columns is-layout-flex wp-container-core-columns-is-layout-9d6595d7 wp-block-columns-is-layout-flex\">\n<div class=\"wp-block-column is-layout-flow wp-block-column-is-layout-flow\" style=\"flex-basis:25%\"><\/div>\n\n\n\n<div class=\"wp-block-column is-layout-flow wp-block-column-is-layout-flow\" style=\"flex-basis:50%\">\n<h2 class=\"wp-block-heading\">Impressum<\/h2>\n\n\n\n<p>ReiseProfi GmbH<br><br>Bebelstra\u00dfe 9<br>D 44623 Herne<br><br>Tel.: 02323 139920<br>Fax: 02323 910891<br>E-Mail: info@reiseprofi.info<br><br>Gesch\u00e4ftsf\u00fchrer: J\u00fcrgen Gerhardt<br><br>Registergericht: Herne<br>Registernummer: HRB 2094<br>Umsatzsteuer-Identifikationsnummer: DE197846446<br><br><br><\/p>\n\n\n\n<p>Gem\u00e4\u00df \u00a7 37 VSBG sind wir verpflichtet, Sie darauf hinzuweisen, dass f\u00fcr Streitigkeiten zwischen Verbrauchern und Unternehmen Streitschlichtungsstellen eingerichtet wurden. Wir nehmen derzeit nicht an Streitbeilegungsverfahren vor einer Verbraucherschlichtungsstelle teil und sind dazu nicht verpflichtet. Sie k\u00f6nnen sich an diese Stellen wenden, die Teilnahme ist f\u00fcr beide Seiten aber freiwillig.<\/p>\n\n\n\n<p><strong>Allgemeine Verbraucherschlichtungsstelle:<\/strong><br>Zentrum f\u00fcr Schlichtung e.V. | <\/p>\n\n\n\n<p>Stra\u00dfburger Str. 8 77694 Kehl | <\/p>\n\n\n\n<p><a href=\"mailto:mail@verbraucher-schlichter.de\">mail@verbraucher-schlichter.de<\/a><\/p>\n\n\n\n<p>Wir vermitteln Reiseversicherungen im Status eines erlaubnisfreien Annexvermittlers gem\u00e4\u00df \u00a7 34d Abs. 8 Nr. 1 Gewerbeordnung (GewO).<br><strong>Beschwerdestelle bei Streitigkeiten mit Versicherungsvermittlern:<\/strong><br>Versicherungsombudsmann e.V. | <\/p>\n\n\n\n<p>Postfach 08 06 32 | <\/p>\n\n\n\n<p>10006 Berlin | <\/p>\n\n\n\n<p><a rel=\"noreferrer noopener\" href=\"https:\/\/www.versicherungsombudsmann.de\" target=\"_blank\">www.versicherungsombudsmann.de<\/a><\/p>\n\n\n\n<p><strong>Online-Streitbeilegung gem\u00e4\u00df Art. 14 Abs. 1 ODR-Verordnung:<\/strong><br>Die Europ\u00e4ische Kommission stellt eine Plattform zur Online-Streitbeilegung (OS-Plattform) bereit. Sie erreichen diese unter <a href=\"http:\/\/ec.europa.eu\/consumers\/odr\/\">http:\/\/ec.europa.eu\/consumers\/odr\/<\/a>.<\/p>\n<\/div>\n\n\n\n<div class=\"wp-block-column is-layout-flow wp-block-column-is-layout-flow\" style=\"flex-basis:25%\"><\/div>\n<\/div>\n","protected":false},"excerpt":{"rendered":"<p>Impressum ReiseProfi GmbH Bebelstra\u00dfe 9D 44623 Herne Tel.: 02323 139920Fax:<\/p>\n","protected":false},"author":1,"featured_media":0,"parent":0,"menu_order":0,"comment_status":"closed","ping_status":"closed","template":"full-width-page.php","meta":{"footnotes":""},"class_list":["post-334","page","type-page","status-publish","hentry"],"_links":{"self":[{"href":"https:\/\/reiseprofi.info\/wp\/index.php?rest_route=\/wp\/v2\/pages\/334","targetHints":{"allow":["GET"]}}],"collection":[{"href":"https:\/\/reiseprofi.info\/wp\/index.php?rest_route=\/wp\/v2\/pages"}],"about":[{"href":"https:\/\/reiseprofi.info\/wp\/index.php?rest_route=\/wp\/v2\/types\/page"}],"author":[{"embeddable":true,"href":"https:\/\/reiseprofi.info\/wp\/index.php?rest_route=\/wp\/v2\/users\/1"}],"replies":[{"embeddable":true,"href":"https:\/\/reiseprofi.info\/wp\/index.php?rest_route=%2Fwp%2Fv2%2Fcomments&post=334"}],"version-history":[{"count":2,"href":"https:\/\/reiseprofi.info\/wp\/index.php?rest_route=\/wp\/v2\/pages\/334\/revisions"}],"predecessor-version":[{"id":361,"href":"https:\/\/reiseprofi.info\/wp\/index.php?rest_route=\/wp\/v2\/pages\/334\/revisions\/361"}],"wp:attachment":[{"href":"https:\/\/reiseprofi.info\/wp\/index.php?rest_route=%2Fwp%2Fv2%2Fmedia&parent=334"}],"curies":[{"name":"wp","href":"https:\/\/api.w.org\/{rel}","templated":true}]}}

<div class="wp-block-columns is-layout-flex wp-container-core-columns-is-layout-9d6595d7 wp-block-columns-is-layout-flex">
<div class="wp-block-column is-layout-flow wp-block-column-is-layout-flow" style="flex-basis:25%"></div>



<div class="wp-block-column is-layout-flow wp-block-column-is-layout-flow" style="flex-basis:50%">
<h2 class="wp-block-heading">Impressum</h2>



<p>ReiseProfi GmbH<br><br>Bebelstraße 9<br>D 44623 Herne<br><br>Tel.: 02323 139920<br>Fax: 02323 910891<br>E-Mail: info@reiseprofi.info<br><br>Geschäftsführer: Jürgen Gerhardt<br><br>Registergericht: Herne<br>Registernummer: HRB 2094<br>Umsatzsteuer-Identifikationsnummer: DE197846446<br><br><br></p>



<p>Gemäß § 37 VSBG sind wir verpflichtet, Sie darauf hinzuweisen, dass für Streitigkeiten zwischen Verbrauchern und Unternehmen Streitschlichtungsstellen eingerichtet wurden. Wir nehmen derzeit nicht an Streitbeilegungsverfahren vor einer Verbraucherschlichtungsstelle teil und sind dazu nicht verpflichtet. Sie können sich an diese Stellen wenden, die Teilnahme ist für beide Seiten aber freiwillig.</p>



<p><strong>Allgemeine Verbraucherschlichtungsstelle:</strong><br>Zentrum für Schlichtung e.V. | </p>



<p>Straßburger Str. 8 77694 Kehl | </p>



<p><a href="mailto:mail@verbraucher-schlichter.de">mail@verbraucher-schlichter.de</a></p>



<p>Wir vermitteln Reiseversicherungen im Status eines erlaubnisfreien Annexvermittlers gemäß § 34d Abs. 8 Nr. 1 Gewerbeordnung (GewO).<br><strong>Beschwerdestelle bei Streitigkeiten mit Versicherungsvermittlern:</strong><br>Versicherungsombudsmann e.V. | </p>



<p>Postfach 08 06 32 | </p>



<p>10006 Berlin | </p>



<p><a rel="noreferrer noopener" href="https://www.versicherungsombudsmann.de" target="_blank">www.versicherungsombudsmann.de</a></p>



<p><strong>Online-Streitbeilegung gemäß Art. 14 Abs. 1 ODR-Verordnung:</strong><br>Die Europäische Kommission stellt eine Plattform zur Online-Streitbeilegung (OS-Plattform) bereit. Sie erreichen diese unter <a href="http://ec.europa.eu/consumers/odr/">http://ec.europa.eu/consumers/odr/</a>.</p>
</div>



<div class="wp-block-column is-layout-flow wp-block-column-is-layout-flow" style="flex-basis:25%"></div>
</div>

<p>Impressum ReiseProfi GmbH Bebelstraße 9D 44623 Herne Tel.: 02323 139920Fax:</p>
